{"id":17,"date":"2026-04-26T13:42:32","date_gmt":"2026-04-26T11:42:32","guid":{"rendered":"https:\/\/www.giuffrida-sexualpaedagogik.ch\/?page_id=17"},"modified":"2026-04-26T14:38:07","modified_gmt":"2026-04-26T12:38:07","slug":"sexualitaet-vielfalt-und-persoenliche-orientierung","status":"publish","type":"page","link":"https:\/\/www.giuffrida-sexualpaedagogik.ch\/index.php\/sample-page\/sexualitaet-vielfalt-und-persoenliche-orientierung\/","title":{"rendered":"Sexualit\u00e4t, Vielfalt und pers\u00f6nliche Orientierung"},"content":{"rendered":"\n<p class=\"has-accent-1-background-color has-background\">Begleitung f\u00fcr Menschen im Umgang mit eigenen W\u00fcnschen, Unsicherheiten und Erfahrungen&nbsp;<\/p>\n\n\n\n<p class=\"has-base-background-color has-background\">Beschreibung&nbsp;<br>Ich begleite Menschen, die sich mit ihrer Sexualit\u00e4t auseinandersetzen \u2013 unabh\u00e4ngig davon, ob sie am Anfang stehen, unsicher sind oder bereits Erfahrungen gemacht haben.&nbsp;<\/p>\n\n\n\n<p>Dabei geht es um eigene W\u00fcnsche, Fragen oder Unsicherheiten im Bereich von Sexualit\u00e4t, Beziehungen sowie Kink, BDSM und vielf\u00e4ltigen sexuellen Lebensweisen.&nbsp;<br>Gemeinsam schauen wir, wo du gerade stehst und wie ich dich dabei unterst\u00fctzen kann.<\/p>\n\n\n\n<h2 class=\"wp-block-heading\">M\u00f6gliche Themen<\/h2>\n\n\n\n<ul class=\"wp-block-list\">\n<li>Einstieg und Orientierung im Bereich Kink und BDSM<\/li>\n\n\n\n<li>Unterschiede zwischen Online- und Vor-Ort-Settings<\/li>\n\n\n\n<li>Grundlagen zu Konsens, Sicherheit und Kommunikation<\/li>\n\n\n\n<li>BDSM-Education und Wissensvermittlung<\/li>\n\n\n\n<li>Erkennen von Red Flags und Green Flags<\/li>\n\n\n\n<li>Eigene W\u00fcnsche und Interessen erkunden<\/li>\n\n\n\n<li>Umgang mit Unsicherheiten oder Fragen<\/li>\n\n\n\n<li>Reflexion von Erfahrungen oder Sessions<\/li>\n\n\n\n<li>Dynamiken in Beziehungen<\/li>\n<\/ul>\n\n\n\n<h2 class=\"wp-block-heading\">Formate<\/h2>\n\n\n\n<ul class=\"wp-block-list\">\n<li>Einzelgespr\u00e4che (online oder vor Ort)<\/li>\n\n\n\n<li>Gespr\u00e4che gemeinsam mit Beziehungs- oder Partnerpersonen (z.B. auch im Kontext von Spiel- oder BDSM-Beziehungen)<\/li>\n<\/ul>\n\n\n\n<h2 class=\"wp-block-heading\">Rahmen<\/h2>\n\n\n\n<p>Gespr\u00e4che k\u00f6nnen online, vor Ort oder an einem gemeinsam ausgew\u00e4hlten Ort stattfinden (z.B. in einem Sitzungszimmer).<\/p>\n\n\n\n<h2 class=\"wp-block-heading\">Arbeitsweise<\/h2>\n\n\n\n<p>Ich arbeite wertfrei, respektvoll und orientiert an deiner individuellen Situation.&nbsp;<br>Ich unterst\u00fctze dich dabei, einen eigenen und stimmigen Umgang mit deiner Sexualit\u00e4t zu finden.<\/p>\n","protected":false},"excerpt":{"rendered":"<p>Begleitung f\u00fcr Menschen im Umgang mit eigenen W\u00fcnschen, Unsicherheiten und Erfahrungen&nbsp; Beschreibung&nbsp;Ich begleite Menschen, die sich mit ihrer Sexualit\u00e4t auseinandersetzen \u2013 unabh\u00e4ngig davon, ob sie am Anfang stehen, unsicher sind oder bereits Erfahrungen gemacht haben.&nbsp; Dabei geht es um eigene W\u00fcnsche, Fragen oder Unsicherheiten im Bereich von Sexualit\u00e4t, Beziehungen sowie Kink, BDSM und vielf\u00e4ltigen sexuellen [&hellip;]<\/p>\n","protected":false},"author":2,"featured_media":0,"parent":2,"menu_order":4,"comment_status":"closed","ping_status":"closed","template":"","meta":{"footnotes":""},"class_list":["post-17","page","type-page","status-publish","hentry"],"yoast_head":"<!-- This site is optimized with the Yoast SEO plugin v27.4 - https:\/\/yoast.com\/product\/yoast-seo-wordpress\/ -->\n<title>Sexualit\u00e4t, Vielfalt und pers\u00f6nliche Orientierung - Laurina Giuffrida - Sexualp\u00e4dagogik f\u00fcr Vielfalt<\/title>\n<meta name=\"robots\" content=\"index, follow, max-snippet:-1, max-image-preview:large, max-video-preview:-1\" \/>\n<link rel=\"canonical\" href=\"https:\/\/www.giuffrida-sexualpaedagogik.ch\/index.php\/sample-page\/sexualitaet-vielfalt-und-persoenliche-orientierung\/\" \/>\n<meta property=\"og:locale\" content=\"de_DE\" \/>\n<meta property=\"og:type\" content=\"article\" \/>\n<meta property=\"og:title\" content=\"Sexualit\u00e4t, Vielfalt und pers\u00f6nliche Orientierung - Laurina Giuffrida - Sexualp\u00e4dagogik f\u00fcr Vielfalt\" \/>\n<meta property=\"og:description\" content=\"Begleitung f\u00fcr Menschen im Umgang mit eigenen W\u00fcnschen, Unsicherheiten und Erfahrungen&nbsp; Beschreibung&nbsp;Ich begleite Menschen, die sich mit ihrer Sexualit\u00e4t auseinandersetzen \u2013 unabh\u00e4ngig davon, ob sie am Anfang stehen, unsicher sind oder bereits Erfahrungen gemacht haben.&nbsp; Dabei geht es um eigene W\u00fcnsche, Fragen oder Unsicherheiten im Bereich von Sexualit\u00e4t, Beziehungen sowie Kink, BDSM und vielf\u00e4ltigen sexuellen [&hellip;]\" \/>\n<meta property=\"og:url\" content=\"https:\/\/www.giuffrida-sexualpaedagogik.ch\/index.php\/sample-page\/sexualitaet-vielfalt-und-persoenliche-orientierung\/\" \/>\n<meta property=\"og:site_name\" content=\"Laurina Giuffrida - Sexualp\u00e4dagogik f\u00fcr Vielfalt\" \/>\n<meta property=\"article:modified_time\" content=\"2026-04-26T12:38:07+00:00\" \/>\n<meta name=\"twitter:card\" content=\"summary_large_image\" \/>\n<meta name=\"twitter:label1\" content=\"Gesch\u00e4tzte Lesezeit\" \/>\n\t<meta name=\"twitter:data1\" content=\"2\u00a0Minuten\" \/>\n<script type=\"application\/ld+json\" class=\"yoast-schema-graph\">{\"@context\":\"https:\\\/\\\/schema.org\",\"@graph\":[{\"@type\":\"WebPage\",\"@id\":\"https:\\\/\\\/www.giuffrida-sexualpaedagogik.ch\\\/index.php\\\/sample-page\\\/sexualitaet-vielfalt-und-persoenliche-orientierung\\\/\",\"url\":\"https:\\\/\\\/www.giuffrida-sexualpaedagogik.ch\\\/index.php\\\/sample-page\\\/sexualitaet-vielfalt-und-persoenliche-orientierung\\\/\",\"name\":\"Sexualit\u00e4t, Vielfalt und pers\u00f6nliche Orientierung - Laurina Giuffrida - Sexualp\u00e4dagogik f\u00fcr Vielfalt\",\"isPartOf\":{\"@id\":\"https:\\\/\\\/www.giuffrida-sexualpaedagogik.ch\\\/#website\"},\"datePublished\":\"2026-04-26T11:42:32+00:00\",\"dateModified\":\"2026-04-26T12:38:07+00:00\",\"breadcrumb\":{\"@id\":\"https:\\\/\\\/www.giuffrida-sexualpaedagogik.ch\\\/index.php\\\/sample-page\\\/sexualitaet-vielfalt-und-persoenliche-orientierung\\\/#breadcrumb\"},\"inLanguage\":\"de-CH\",\"potentialAction\":[{\"@type\":\"ReadAction\",\"target\":[\"https:\\\/\\\/www.giuffrida-sexualpaedagogik.ch\\\/index.php\\\/sample-page\\\/sexualitaet-vielfalt-und-persoenliche-orientierung\\\/\"]}]},{\"@type\":\"BreadcrumbList\",\"@id\":\"https:\\\/\\\/www.giuffrida-sexualpaedagogik.ch\\\/index.php\\\/sample-page\\\/sexualitaet-vielfalt-und-persoenliche-orientierung\\\/#breadcrumb\",\"itemListElement\":[{\"@type\":\"ListItem\",\"position\":1,\"name\":\"Startseite\",\"item\":\"https:\\\/\\\/www.giuffrida-sexualpaedagogik.ch\\\/\"},{\"@type\":\"ListItem\",\"position\":2,\"name\":\"Angebote\",\"item\":\"https:\\\/\\\/www.giuffrida-sexualpaedagogik.ch\\\/index.php\\\/sample-page\\\/\"},{\"@type\":\"ListItem\",\"position\":3,\"name\":\"Sexualit\u00e4t, Vielfalt und pers\u00f6nliche Orientierung\"}]},{\"@type\":\"WebSite\",\"@id\":\"https:\\\/\\\/www.giuffrida-sexualpaedagogik.ch\\\/#website\",\"url\":\"https:\\\/\\\/www.giuffrida-sexualpaedagogik.ch\\\/\",\"name\":\"Laurina Giuffrida - Sexualp\u00e4dagogik f\u00fcr Vielfalt\",\"description\":\"\",\"potentialAction\":[{\"@type\":\"SearchAction\",\"target\":{\"@type\":\"EntryPoint\",\"urlTemplate\":\"https:\\\/\\\/www.giuffrida-sexualpaedagogik.ch\\\/?s={search_term_string}\"},\"query-input\":{\"@type\":\"PropertyValueSpecification\",\"valueRequired\":true,\"valueName\":\"search_term_string\"}}],\"inLanguage\":\"de-CH\"}]}<\/script>\n<!-- \/ Yoast SEO plugin. -->","yoast_head_json":{"title":"Sexualit\u00e4t, Vielfalt und pers\u00f6nliche Orientierung - Laurina Giuffrida - Sexualp\u00e4dagogik f\u00fcr Vielfalt","robots":{"index":"index","follow":"follow","max-snippet":"max-snippet:-1","max-image-preview":"max-image-preview:large","max-video-preview":"max-video-preview:-1"},"canonical":"https:\/\/www.giuffrida-sexualpaedagogik.ch\/index.php\/sample-page\/sexualitaet-vielfalt-und-persoenliche-orientierung\/","og_locale":"de_DE","og_type":"article","og_title":"Sexualit\u00e4t, Vielfalt und pers\u00f6nliche Orientierung - Laurina Giuffrida - Sexualp\u00e4dagogik f\u00fcr Vielfalt","og_description":"Begleitung f\u00fcr Menschen im Umgang mit eigenen W\u00fcnschen, Unsicherheiten und Erfahrungen&nbsp; Beschreibung&nbsp;Ich begleite Menschen, die sich mit ihrer Sexualit\u00e4t auseinandersetzen \u2013 unabh\u00e4ngig davon, ob sie am Anfang stehen, unsicher sind oder bereits Erfahrungen gemacht haben.&nbsp; Dabei geht es um eigene W\u00fcnsche, Fragen oder Unsicherheiten im Bereich von Sexualit\u00e4t, Beziehungen sowie Kink, BDSM und vielf\u00e4ltigen sexuellen [&hellip;]","og_url":"https:\/\/www.giuffrida-sexualpaedagogik.ch\/index.php\/sample-page\/sexualitaet-vielfalt-und-persoenliche-orientierung\/","og_site_name":"Laurina Giuffrida - Sexualp\u00e4dagogik f\u00fcr Vielfalt","article_modified_time":"2026-04-26T12:38:07+00:00","twitter_card":"summary_large_image","twitter_misc":{"Gesch\u00e4tzte Lesezeit":"2\u00a0Minuten"},"schema":{"@context":"https:\/\/schema.org","@graph":[{"@type":"WebPage","@id":"https:\/\/www.giuffrida-sexualpaedagogik.ch\/index.php\/sample-page\/sexualitaet-vielfalt-und-persoenliche-orientierung\/","url":"https:\/\/www.giuffrida-sexualpaedagogik.ch\/index.php\/sample-page\/sexualitaet-vielfalt-und-persoenliche-orientierung\/","name":"Sexualit\u00e4t, Vielfalt und pers\u00f6nliche Orientierung - Laurina Giuffrida - Sexualp\u00e4dagogik f\u00fcr Vielfalt","isPartOf":{"@id":"https:\/\/www.giuffrida-sexualpaedagogik.ch\/#website"},"datePublished":"2026-04-26T11:42:32+00:00","dateModified":"2026-04-26T12:38:07+00:00","breadcrumb":{"@id":"https:\/\/www.giuffrida-sexualpaedagogik.ch\/index.php\/sample-page\/sexualitaet-vielfalt-und-persoenliche-orientierung\/#breadcrumb"},"inLanguage":"de-CH","potentialAction":[{"@type":"ReadAction","target":["https:\/\/www.giuffrida-sexualpaedagogik.ch\/index.php\/sample-page\/sexualitaet-vielfalt-und-persoenliche-orientierung\/"]}]},{"@type":"BreadcrumbList","@id":"https:\/\/www.giuffrida-sexualpaedagogik.ch\/index.php\/sample-page\/sexualitaet-vielfalt-und-persoenliche-orientierung\/#breadcrumb","itemListElement":[{"@type":"ListItem","position":1,"name":"Startseite","item":"https:\/\/www.giuffrida-sexualpaedagogik.ch\/"},{"@type":"ListItem","position":2,"name":"Angebote","item":"https:\/\/www.giuffrida-sexualpaedagogik.ch\/index.php\/sample-page\/"},{"@type":"ListItem","position":3,"name":"Sexualit\u00e4t, Vielfalt und pers\u00f6nliche Orientierung"}]},{"@type":"WebSite","@id":"https:\/\/www.giuffrida-sexualpaedagogik.ch\/#website","url":"https:\/\/www.giuffrida-sexualpaedagogik.ch\/","name":"Laurina Giuffrida - Sexualp\u00e4dagogik f\u00fcr Vielfalt","description":"","potentialAction":[{"@type":"SearchAction","target":{"@type":"EntryPoint","urlTemplate":"https:\/\/www.giuffrida-sexualpaedagogik.ch\/?s={search_term_string}"},"query-input":{"@type":"PropertyValueSpecification","valueRequired":true,"valueName":"search_term_string"}}],"inLanguage":"de-CH"}]}},"_links":{"self":[{"href":"https:\/\/www.giuffrida-sexualpaedagogik.ch\/index.php\/wp-json\/wp\/v2\/pages\/17","targetHints":{"allow":["GET"]}}],"collection":[{"href":"https:\/\/www.giuffrida-sexualpaedagogik.ch\/index.php\/wp-json\/wp\/v2\/pages"}],"about":[{"href":"https:\/\/www.giuffrida-sexualpaedagogik.ch\/index.php\/wp-json\/wp\/v2\/types\/page"}],"author":[{"embeddable":true,"href":"https:\/\/www.giuffrida-sexualpaedagogik.ch\/index.php\/wp-json\/wp\/v2\/users\/2"}],"replies":[{"embeddable":true,"href":"https:\/\/www.giuffrida-sexualpaedagogik.ch\/index.php\/wp-json\/wp\/v2\/comments?post=17"}],"version-history":[{"count":2,"href":"https:\/\/www.giuffrida-sexualpaedagogik.ch\/index.php\/wp-json\/wp\/v2\/pages\/17\/revisions"}],"predecessor-version":[{"id":37,"href":"https:\/\/www.giuffrida-sexualpaedagogik.ch\/index.php\/wp-json\/wp\/v2\/pages\/17\/revisions\/37"}],"up":[{"embeddable":true,"href":"https:\/\/www.giuffrida-sexualpaedagogik.ch\/index.php\/wp-json\/wp\/v2\/pages\/2"}],"wp:attachment":[{"href":"https:\/\/www.giuffrida-sexualpaedagogik.ch\/index.php\/wp-json\/wp\/v2\/media?parent=17"}],"curies":[{"name":"wp","href":"https:\/\/api.w.org\/{rel}","templated":true}]}}